late the remainder when l(z) is divided by 11.
9
Suppose -4*u + 6*u - 40 = 0. Suppose -3*j + 71 = -43. Calculate the remainder when j is divided by u.
18
Let b = 31 + -5. Let r(k) = k. Let c(m) = 4*m - 2. Let f(o) = c(o) - 6*r(o). What is the remainder when b is divided by f(-8)?
12
Suppose -c + 7 = -a + 22, c + 63 = 4*a. Suppose -16*n = -15*n - 9. What is the remainder when a is divided by n?
7
Let q(s) = s + 1. Let h be q(4). Suppose -60 = h*m - 8*m. Calculate the remainder when 57 is divided by m.
17
Let z(m) = -m**3 - 12*m**2 - m. Let f(q) = 4*q + 5. Calculate the remainder when f(4) is divided by z(-12).
9
Suppose 0 = 5*a - 4*j - 10, 7*a + 3*j + 19 = 5*a. Let r be 3/(-6) + (-21)/a. Let s = r - -4. Calculate the remainder when 26 is divided by s.
12
What is the remainder when (9/(-3) + 14)*3 is divided by 17?
16
Let p(c) be the second derivative of c**5/20 + c**4/2 + 7*c**3/6 + 2*c**2 - 2*c. Let u = 4 + 11. Calculate the remainder when u is divided by p(-4).
7
Suppose -h = 43 - 62. Suppose 3*i - 15 = -0*i. Calculate the remainder when h is divided by i.
4
Let q = -2 + 9. What is the remainder when 18 is divided by q?
4
Suppose 6*v + 0*v - 990 = 0. Calculate the remainder when v is divided by 42.
39
Let j(l) = -l - 5. Let m be j(-8). Suppose -21 = -p - 2*k, 0 = -4*p - p - m*k + 70. What is the remainder when 20 is divided by p?
9
Let f = -10 - -29. Calculate the remainder when f is divided by 8.
3
Let c be (-2)/7 + 4/14. Suppose 2*y = 4*y - 4. Suppose c = -y*h - 5 + 19. What is the remainder when h is divided by 5?
2
Let g(q) = 21*q + 2. Calculate the remainder when 91 is divided by g(1).
22
Let r(u) = -2*u**2 + 26*u + 5. Calculate the remainder when r(11) is divided by 17.
15
Let g = -11 + 15. Suppose 40 = 3*y + g. What is the remainder when 33 is divided by y?
9
Suppose -3*m + 2*x = -2*m - 4, -5*m + 5*x = -15. Let c(r) = -r**2 + 9*r - 5. What is the remainder when c(6) is divided by 14/(-4)*(-4)/m?
6
Suppose 4*p + p = 0. Suppose p = -5*r + 2 + 23. What is the remainder when (-126)/(-9)*(0 + 1) is divided by r?
4
Let j(y) = y**3 - y. Let k(h) = -2*h**3 + h**2 + h - 4. Let w(r) = 3*j(r) + k(r). Calculate the remainder when w(3) is divided by 0 + 1 + 1 - -12.
12
Let j = 17 - 9. Suppose -u - 2 + 0 = 0. Calculate the remainder when 11 is divided by (j*1*-1)/u.
3
Let m = -45 + 48. What is the remainder when (2/6)/((-3)/(-63)) is divided by m?
1
Suppose -8*g + 7*g = -19. Calculate the remainder when g is divided by 1/1 + (-4 - -8).
4
Let c be (-12)/(-4)*(-4)/(-3). Suppose 0 = -5*m + c*m. Suppose 53 = 4*y - y + d, y - d - 15 = m. Calculate the remainder when y is divided by 5.
2
Let u be (-15)/20*(0 + -4). Calculate the remainder when ((-36)/u)/((-2)/3) is divided by 5.
3
Suppose 2*k = -0 + 4. Suppose 4*j - k*y - 18 = 0, 0 = -2*j - 5*y + 35 + 4. Calculate the remainder when 2/(-7) - (-184)/j is divided by 14.
12
Let n(o) = o**2 - 5*o. Let u(t) = 2*t - 13. What is the remainder when u(11) is divided by n(6)?
3
Let j(f) = -f. Let h(k) = 3*k + 26. Let l(t) = h(t) + 4*j(t). Let v(p) = -p**2 - p + 9. What is the remainder when l(0) is divided by v(0)?
8
Let y(n) = n**2 - 17*n + 23. What is the remainder when y(18) is divided by 7?
6
Let f = 147 + -28. What is the remainder when f is divided by 41?
37
Let p(s) = -2*s - 8. What is the remainder when (-5 - -2)*(-69)/9 is divided by p(-8)?
7
Let f(v) = v**2 - 7*v + 6. Let y be f(5). What is the remainder when 10 is divided by 1/y - 68/(-16)?
2
Let x be -1 + 1 + 0 - 1. Let i be -28*((-40)/28)/5. What is the remainder when 22 is divided by i + (-2)/x - -2?
10
Let h(q) = q**2 + q - 2. Let v be h(0). Let y be 1/((-3)/24*v). Let u = y - -15. Calculate the remainder when 37 is divided by u.
18
Let j(m) = 5*m**2 + m. Let n be j(-1). Suppose 2*u - 2*b = 12, 5*u - 31 = n*b - 5. Calculate the remainder when 3 is divided by u.
1
Let h = 4 + -1. Suppose i - 2*d = -h*i + 8, -5*d = -i - 16. Suppose -i*o + 3 = 5*v, -1 = -5*o + 2*o - 5*v. What is the remainder when 3 is divided by o?
1
Let h(t) = -12*t + 4. Let j be (-5)/10 + (-5)/2. Calculate the remainder when h(j) is divided by 14.
12
Let l(z) = -z**2 - 4*z + 7. Let w be l(-5). What is the remainder when w*(1 - (-87)/6) is divided by 11?
9
Suppose 5*o - 12 = -2*t, 5*o - 5 = 5*t - 0*t. Let h(p) = p**3 + 7*p**2 + 6*p + 5. Let d be h(-6). Let g = d + -2. What is the remainder when g is divided by o?
1
Let v(j) = -j**2 + 27. Let u be (-2 + 2)/(0 - -1). Let a be v(u). Suppose 0 = -4*b + 13 + a. What is the remainder when 29 is divided by b?
9
Let f be ((-1)/1)/(2 - 1). What is the remainder when 54 is divided by (20 + f)*(-4)/(-4)?
16
Let v be (-3)/6*-2 + 0. Suppose -o + 1 = -v. Suppose 2*s = s + o. Calculate the remainder when 2 is divided by s.
0
Suppose 2*n = 10 - 68. Let w = -21 - n. What is the remainder when ((-1 - -23) + 1)*1 is divided by w?
7
Let i = 85 - 34. Calculate the remainder when i is divided by 6.
3
Suppose -2*w + 4 + 4 = 0. Let b be 4 + (-2 + w - 4). Suppose -4*k = 2*r - 16, b*r - 5*r + 14 = 4*k. What is the remainder when 9 is divided by k?
4
Let f = 54 - 28. Let h be -2*(-1)/(-4)*6. Let c(i) = -2*i**3 - 5*i**2 - 2*i - 1. Calculate the remainder when f is divided by c(h).
12
Let c(u) = -2*u + 12. Let z be c(10). Let q = -5 - z. Calculate the remainder when 13 is divided by (1 + -15)*q/(-6).
6
Calculate the remainder when 49 is divided by 2/9 - (183/(-27) - 6).
10
Let v(m) = m**2 + 3*m + 3. Let l be v(-3). Suppose l*g = 63 + 18. Calculate the remainder when g is divided by (-1 - (-3 + 3))*-7.
6
Let j = 17 + -2. Suppose -2*u = -68 + 12. What is the remainder when u is divided by j?
13
Suppose -3*u + 8*u = 115. What is the remainder when u - (-1 + 1)/3 is divided by 12?
11
Suppose -5*i + 3*o + 7 + 72 = 0, o = -i + 19. Calculate the remainder when 32 is divided by i.
15
Suppose 2*g - 78 = -5*p, -2*g - 2*g = 4*p - 60. Let h(d) = 10*d - 1. Calculate the remainder when p is divided by h(1).
7
Suppose 2*r - 5*c = 182, -2*r + 101 = -r - 5*c. Suppose 5*n - 4*t = -1, 0 = -4*n + 5*t - 2*t. Calculate the remainder when (r/1)/n + 2 is divided by 10.
9
Let n = 66 - 113. Let c(y) = -18*y + 2. Let p be c(6). Let o = n - p. Calculate the remainder when o is divided by 20.
19
Suppose 2*j - 48 = 4*o, -o = 4*j - 2*o - 82. Calculate the remainder when j is divided by 12.
8
Calculate the remainder when 29 is divided by -4*((-5)/2 + 0).
9
Let a(y) = 2*y**2 - 2 + 5 + 2*y - 4. Calculate the remainder when (-2*1 - -1)*-31 is divided by a(2).
9
Let x = -33 - -41. Suppose b - 63 = -2*b. Calculate the remainder when b is divided by x.
5
Suppose 3*n = l - 98, 5*n - 430 = l - 6*l. Suppose -2*f - 61 = -4*f + z, 2*z + l = 3*f. What is the remainder when f is divided by 12?
9
Let h(m) = 2*m**2 + 4*m - 6. Suppose -42 = -3*x + 3*d, 6 + 5 = x + 2*d. What is the remainder when h(-7) is divided by x?
12
Let d(h) = 4*h**2 - 5*h**2 + 0*h**3 + h**3 - 1. Calculate the remainder when (-8)/(-92) - (-912)/92 is divided by d(2).
1
Suppose 0 = h + 3*h + 16. Let c = h - -7. Let d = 2 - -6. What is the remainder when d is divided by c?
2
Suppose -4*d - 3*i = -14, -4*d = -2*i - 3*i - 30. Suppose 0 = -5*a + 4*r + 98, d*r = r - 8. What is the remainder when 35 is divided by a?
17
Let i(q) be the second derivative of 0*q**3 + 0 - 2*q + 7/6*q**4 - 1/2*q**2. What is the remainder when i(1) is divided by 7?
6
Let o(q) = q + 9. Let j be o(-4). Suppose 4*g = j*i + 131, 3*g + 3*i + 58 = 190. Let y = -7 + 27. Calculate the remainder when g is divided by y.
19
Let y = 160 - 111. Suppose 3*s = y + 17. What is the remainder when 64 is divided by s?
20
Suppose -3*z + 1285 = 2*z. Suppose 0 = -4*w - 41 + z. What is the remainder when w is divided by 11?
10
Let t be 35*2/(-3)*-3. Suppose -z + 30 = 4*v, 4*z - 11 = -3*v + t. Suppose -2*w = -s + 15, -w + 3*w = 2*s - 22. What is the remainder when z is divided by s?
4
Let z = 48 + -7. What is the remainder when z is divided by 11 + -3 + (-2 - -8)?
13
Suppose 0 = 3*q - 5*w - 95, -3*q + 94 = -3*w - w. Let a = 190 + -101. Calculate the remainder when a is divided by q.
29
Let g = 12 + 20. Calculate the remainder when 36 is divided by 2*(-52)/g*-4.
10
Suppose 4*h - 6*k + k - 27 = 0, 4*k = 3*h - 19. Let j = h - 8. What is the remainder when 19 is divided by j?
4
Calculate th